et f = 3 + -2. Calculate the highest common divisor of f and v.
1
Suppose 30 = i + 2*c, -2*c = -i + 3*c + 30. Let r = -3 - -5. Let v be 1*24/(0 + r). What is the greatest common divisor of i and v?
6
Let g be (0 - -7)/1 + 0. Suppose 3*a - 59 = g. Suppose 0 = 5*f + 10, -7*f = -3*p - 4*f + 732. Calculate the highest common divisor of p and a.
22
Suppose 3*d = d. Let k(m) = -5*m + 84. Let n(l) = -6*l + 84. Let v(g) = 7*k(g) - 6*n(g). Let w be v(d). Calculate the greatest common factor of w and 12.
12
Suppose -3*w - w + 32 = 0. Suppose -h = -5*h + 192. Calculate the highest common factor of w and h.
8
Let l(u) = -u + 7. Let m be l(5). Suppose 4 = 3*i - m*i. Suppose 0 = i*g - c - 24, -5 = 2*c + 3. What is the greatest common factor of g and 1?
1
Let x(v) = -v**2 + 9*v. Let d(j) = -j - 1. Let y be d(-6). Let c be x(y). Calculate the greatest common divisor of 50 and c.
10
Let d = 30 + -15. Suppose 3*u - 2*u = d. What is the highest common factor of u and 60?
15
Suppose -180 = 24*v - 26*v. Let i = -73 + 109. Suppose -4*g + i = -4. What is the highest common divisor of v and g?
10
Let f(q) be the first derivative of q**2 - 2*q - 4. Let b be f(8). Calculate the greatest common factor of 154 and b.
14
Suppose 64 - 18 = 5*v + 2*x, -2*v = -5*x - 1. Suppose 5*a - 3 - 2 = 0. Calculate the greatest common factor of v and a.
1
Suppose z + 7 + 7 = 2*t, 0 = 2*t - 3*z - 18. Let w = t - 3. Let o be (-3 + w + -1)*-17. Calculate the greatest common factor of o and 136.
17
Let y be (11/22)/((-1)/(-2)). Calculate the highest common divisor of 5 and y.
1
Suppose -4*r = -2*j + r + 8, -2*j = -4*r - 10. What is the highest common divisor of j and 2?
1
